{"id":42,"date":"2023-04-03T15:41:33","date_gmt":"2023-04-03T14:41:33","guid":{"rendered":"https:\/\/sionszava.hu\/?page_id=42"},"modified":"2023-04-05T12:02:12","modified_gmt":"2023-04-05T10:02:12","slug":"gyermekmisszio","status":"publish","type":"page","link":"https:\/\/sionszava.hu\/?page_id=42","title":{"rendered":"Gyermekmisszi\u00f3"},"content":{"rendered":"\t\t<div data-elementor-type=\"wp-page\" data-elementor-id=\"42\" class=\"elementor elementor-42\" data-elementor-post-type=\"page\">\n\t\t\t\t<div class=\"elementor-element elementor-element-f8d7209 e-flex e-con-boxed e-con e-parent\" data-id=\"f8d7209\" data-element_type=\"container\" data-e-type=\"container\">\n\t\t\t\t\t<div class=\"e-con-inner\">\n\t\t\t\t<div class=\"elementor-element elementor-element-b20a6d5 elementor-widget elementor-widget-heading\" data-id=\"b20a6d5\" data-element_type=\"widget\" data-e-type=\"widget\" data-widget_type=\"heading.default\">\n\t\t\t\t<div class=\"elementor-widget-container\">\n\t\t\t\t\t<h2 class=\"elementor-heading-title elementor-size-default\">SION SZAVA KREAT\u00cdV GYEREKMISSZI\u00d3<\/h2>\t\t\t\t<\/div>\n\t\t\t\t<\/div>\n\t\t\t\t<div class=\"elementor-element elementor-element-a6ea72c elementor-widget elementor-widget-text-editor\" data-id=\"a6ea72c\" data-element_type=\"widget\" data-e-type=\"widget\" data-widget_type=\"text-editor.default\">\n\t\t\t\t<div class=\"elementor-widget-container\">\n\t\t\t\t\t\t\t\t\t<div><div>Ez a Szendr\u0151i Gy\u00fclekezet\u00fcnk kezdem\u00e9nyez\u00e9ben indult \u00fatnak. Az \u00e9lettelt folyamat<\/div><div>tartalmazza a gyermekek \u00e9let\u00e9nek felemel\u00e9s\u00e9t \u00e9s a kereszt\u00e9ny hit megismertet\u00e9s\u00e9t.<\/div><div>Szendr\u0151ben, \u00e9vek \u00f3ta szervez\u00fcnk gyereknapokat \u00e9s csal\u00e1dinapokat, ahol a gyermekek<\/div><div>k\u00f6z\u00f6ss\u00e9ge ker\u00fcl k\u00f6z\u00e9ppontba.<\/div><div>\u00a0<\/div><div>A k\u00f6z\u00f6ss\u00e9gi \u00e9lm\u00e9nyen t\u00fal, f\u0151 c\u00e9l, J\u00e9zus Krisztus \u00e9s a kereszt\u00e9ny \u00e9rt\u00e9kek megismer\u00e9se,<\/div><div>valamint az \u00e9let megv\u00e1ltoz\u00e1sa a gyermekkorban. A gyakorlat mutatja, hogy hit, \u00e1ltal \u00e9rhet\u0151<\/div><div>el az \u00e9letm\u00f3dot \u00e9s a holnapot megv\u00e1ltoztat\u00f3 j\u00f6v\u0151k\u00e9p. Az eddigi szervez\u0151i f\u00e1radoz\u00e1sok \u00e9s<\/div><div>rendezv\u00e9nyek gy\u00fcm\u00f6lcs\u00f6z\u0151knek bizonyultak. A gyerekmisszi\u00f3 szervez\u0151i sok \u00e9rdekes \u00e9s \u00e9p\u00edt\u0151<\/div><div>program szervez\u00e9s\u00e9ben foglalatoskosnak folyamatosan. Ilyen p\u00e9ld\u00e1ul a t\u00edz \u00e9v alattiak \u00e9s<\/div><div>tin\u00e9dzserek fodr\u00e1szati \u00e9lm\u00e9nye. Az \u00e9vek \u00f3ta \u00fajra megrendez\u00e9sre ker\u00fcl\u0151 boh\u00f3cm\u0171sor, kreat\u00edv<\/div><div>foglalkoz\u00e1sok tev\u00e9kenys\u00e9ge. Ezeken a megmozdul\u00e1sokon ingyenes \u00e9dess\u00e9goszt\u00e1s,<\/div><div>vattacukork\u00e9sz\u00edt\u00e9s, lufihajtogat\u00e1s \u00e9s egy\u00e9b \u00e9rdekess\u00e9g jelenik meg. A szervez\u0151k,<\/div><div>folyamatosan dolgoznak a kezdem\u00e9nyez\u00e9s hat\u00e9kony kiterjeszt\u00e9s\u00e9n, Magyarorsz\u00e1g, Szlov\u00e1kia,<\/div><div>Ukrajna, \u00e9s Rom\u00e1nia ter\u00fclet\u00e9n, valamint, ahol a Sion Szava Gy\u00fclekezeth\u00e1l\u00f3zat m\u0171k\u00f6dik.<\/div><div>\u00a0<\/div><div>A kreat\u00edv gyerekmisszi\u00f3 szervez\u0151i: Misley \u00c1d\u00e1m, Ifj. Horv\u00e1th Gyula<\/div><\/div>\t\t\t\t\t\t\t\t<\/div>\n\t\t\t\t<\/div>\n\t\t<div class=\"elementor-element elementor-element-7019b51 e-flex e-con-boxed e-con e-child\" data-id=\"7019b51\" data-element_type=\"container\" data-e-type=\"container\">\n\t\t\t\t\t<div class=\"e-con-inner\">\n\t\t\t\t<div class=\"elementor-element elementor-element-067d2d4 elementor-widget elementor-widget-gallery\" data-id=\"067d2d4\" data-element_type=\"widget\" data-e-type=\"widget\" data-settings=\"{&quot;gallery_layout&quot;:&quot;masonry&quot;,&quot;image_hover_animation&quot;:&quot;grow&quot;,&quot;background_overlay_hover_animation&quot;:&quot;exit-to-bottom&quot;,&quot;lazyload&quot;:&quot;yes&quot;,&quot;columns&quot;:4,&quot;columns_tablet&quot;:2,&quot;columns_mobile&quot;:1,&quot;gap&quot;:{&quot;unit&quot;:&quot;px&quot;,&quot;size&quot;:10,&quot;sizes&quot;:[]},&quot;gap_tablet&quot;:{&quot;unit&quot;:&quot;px&quot;,&quot;size&quot;:10,&quot;sizes&quot;:[]},&quot;gap_mobile&quot;:{&quot;unit&quot;:&quot;px&quot;,&quot;size&quot;:10,&quot;sizes&quot;:[]},&quot;link_to&quot;:&quot;file&quot;,&quot;overlay_background&quot;:&quot;yes&quot;,&quot;content_hover_animation&quot;:&quot;fade-in&quot;}\" data-widget_type=\"gallery.default\">\n\t\t\t\t<div class=\"elementor-widget-container\">\n\t\t\t\t\t\t\t<div class=\"elementor-gallery__container\">\n\t\t\t\t\t\t\t<a class=\"e-gallery-item elementor-gallery-item elementor-animated-content\" href=\"https:\/\/sionszava.hu\/wp-content\/uploads\/2023\/04\/311161482_155018977215743_5798066969699130518_n.jpg\" data-elementor-open-lightbox=\"yes\" data-elementor-lightbox-slideshow=\"067d2d4\" data-elementor-lightbox-title=\"311161482_155018977215743_5798066969699130518_n\" data-e-action-hash=\"#elementor-action%3Aaction%3Dlightbox%26settings%3DeyJpZCI6MjcwLCJ1cmwiOiJodHRwczpcL1wvc2lvbnN6YXZhLmh1XC93cC1jb250ZW50XC91cGxvYWRzXC8yMDIzXC8wNFwvMzExMTYxNDgyXzE1NTAxODk3NzIxNTc0M181Nzk4MDY2OTY5Njk5MTMwNTE4X24uanBnIiwic2xpZGVzaG93IjoiMDY3ZDJkNCJ9\">\n\t\t\t\t\t<div class=\"e-gallery-image elementor-gallery-item__image\" data-thumbnail=\"https:\/\/sionszava.hu\/wp-content\/uploads\/2023\/04\/311161482_155018977215743_5798066969699130518_n-150x150.jpg\" data-width=\"150\" data-height=\"150\" aria-label=\"\" role=\"img\" ><\/div>\n\t\t\t\t\t\t\t\t\t\t\t<div class=\"elementor-gallery-item__overlay\"><\/div>\n\t\t\t\t\t\t\t\t\t\t\t\t\t\t<\/a>\n\t\t\t\t\t\t\t<a class=\"e-gallery-item elementor-gallery-item elementor-animated-content\" href=\"https:\/\/sionszava.hu\/wp-content\/uploads\/2023\/04\/311353074_6240149949333901_3616237460077655455_n.jpg\" data-elementor-open-lightbox=\"yes\" data-elementor-lightbox-slideshow=\"067d2d4\" data-elementor-lightbox-title=\"311353074_6240149949333901_3616237460077655455_n\" data-e-action-hash=\"#elementor-action%3Aaction%3Dlightbox%26settings%3DeyJpZCI6Mjc1LCJ1cmwiOiJodHRwczpcL1wvc2lvbnN6YXZhLmh1XC93cC1jb250ZW50XC91cGxvYWRzXC8yMDIzXC8wNFwvMzExMzUzMDc0XzYyNDAxNDk5NDkzMzM5MDFfMzYxNjIzNzQ2MDA3NzY1NTQ1NV9uLmpwZyIsInNsaWRlc2hvdyI6IjA2N2QyZDQifQ%3D%3D\">\n\t\t\t\t\t<div class=\"e-gallery-image elementor-gallery-item__image\" data-thumbnail=\"https:\/\/sionszava.hu\/wp-content\/uploads\/2023\/04\/311353074_6240149949333901_3616237460077655455_n-150x150.jpg\" data-width=\"150\" data-height=\"150\" aria-label=\"\" role=\"img\" ><\/div>\n\t\t\t\t\t\t\t\t\t\t\t<div class=\"elementor-gallery-item__overlay\"><\/div>\n\t\t\t\t\t\t\t\t\t\t\t\t\t\t<\/a>\n\t\t\t\t\t\t\t<a class=\"e-gallery-item elementor-gallery-item elementor-animated-content\" href=\"https:\/\/sionszava.hu\/wp-content\/uploads\/2023\/04\/311321106_6240149132667316_4183875997842207798_n.jpg\" data-elementor-open-lightbox=\"yes\" data-elementor-lightbox-slideshow=\"067d2d4\" data-elementor-lightbox-title=\"311321106_6240149132667316_4183875997842207798_n\" data-e-action-hash=\"#elementor-action%3Aaction%3Dlightbox%26settings%3DeyJpZCI6MjcyLCJ1cmwiOiJodHRwczpcL1wvc2lvbnN6YXZhLmh1XC93cC1jb250ZW50XC91cGxvYWRzXC8yMDIzXC8wNFwvMzExMzIxMTA2XzYyNDAxNDkxMzI2NjczMTZfNDE4Mzg3NTk5Nzg0MjIwNzc5OF9uLmpwZyIsInNsaWRlc2hvdyI6IjA2N2QyZDQifQ%3D%3D\">\n\t\t\t\t\t<div class=\"e-gallery-image elementor-gallery-item__image\" data-thumbnail=\"https:\/\/sionszava.hu\/wp-content\/uploads\/2023\/04\/311321106_6240149132667316_4183875997842207798_n-150x150.jpg\" data-width=\"150\" data-height=\"150\" aria-label=\"\" role=\"img\" ><\/div>\n\t\t\t\t\t\t\t\t\t\t\t<div class=\"elementor-gallery-item__overlay\"><\/div>\n\t\t\t\t\t\t\t\t\t\t\t\t\t\t<\/a>\n\t\t\t\t\t\t\t<a class=\"e-gallery-item elementor-gallery-item elementor-animated-content\" href=\"https:\/\/sionszava.hu\/wp-content\/uploads\/2023\/04\/305879828_5409383229137564_8569673138626190802_n.jpg\" data-elementor-open-lightbox=\"yes\" data-elementor-lightbox-slideshow=\"067d2d4\" data-elementor-lightbox-title=\"305879828_5409383229137564_8569673138626190802_n\" data-e-action-hash=\"#elementor-action%3Aaction%3Dlightbox%26settings%3DeyJpZCI6MjY5LCJ1cmwiOiJodHRwczpcL1wvc2lvbnN6YXZhLmh1XC93cC1jb250ZW50XC91cGxvYWRzXC8yMDIzXC8wNFwvMzA1ODc5ODI4XzU0MDkzODMyMjkxMzc1NjRfODU2OTY3MzEzODYyNjE5MDgwMl9uLmpwZyIsInNsaWRlc2hvdyI6IjA2N2QyZDQifQ%3D%3D\">\n\t\t\t\t\t<div class=\"e-gallery-image elementor-gallery-item__image\" data-thumbnail=\"https:\/\/sionszava.hu\/wp-content\/uploads\/2023\/04\/305879828_5409383229137564_8569673138626190802_n-150x150.jpg\" data-width=\"150\" data-height=\"150\" aria-label=\"\" role=\"img\" ><\/div>\n\t\t\t\t\t\t\t\t\t\t\t<div class=\"elementor-gallery-item__overlay\"><\/div>\n\t\t\t\t\t\t\t\t\t\t\t\t\t\t<\/a>\n\t\t\t\t\t\t\t<a class=\"e-gallery-item elementor-gallery-item elementor-animated-content\" href=\"https:\/\/sionszava.hu\/wp-content\/uploads\/2023\/04\/116128339_161008035564760_1716321237423455860_n.jpg\" data-elementor-open-lightbox=\"yes\" data-elementor-lightbox-slideshow=\"067d2d4\" data-elementor-lightbox-title=\"116128339_161008035564760_1716321237423455860_n\" data-e-action-hash=\"#elementor-action%3Aaction%3Dlightbox%26settings%3DeyJpZCI6MzM2LCJ1cmwiOiJodHRwczpcL1wvc2lvbnN6YXZhLmh1XC93cC1jb250ZW50XC91cGxvYWRzXC8yMDIzXC8wNFwvMTE2MTI4MzM5XzE2MTAwODAzNTU2NDc2MF8xNzE2MzIxMjM3NDIzNDU1ODYwX24uanBnIiwic2xpZGVzaG93IjoiMDY3ZDJkNCJ9\">\n\t\t\t\t\t<div class=\"e-gallery-image elementor-gallery-item__image\" data-thumbnail=\"https:\/\/sionszava.hu\/wp-content\/uploads\/2023\/04\/116128339_161008035564760_1716321237423455860_n-150x150.jpg\" data-width=\"150\" data-height=\"150\" aria-label=\"\" role=\"img\" ><\/div>\n\t\t\t\t\t\t\t\t\t\t\t<div class=\"elementor-gallery-item__overlay\"><\/div>\n\t\t\t\t\t\t\t\t\t\t\t\t\t\t<\/a>\n\t\t\t\t\t\t\t<a class=\"e-gallery-item elementor-gallery-item elementor-animated-content\" href=\"https:\/\/sionszava.hu\/wp-content\/uploads\/2023\/04\/311302224_6240149409333955_4086219235592582051_n.jpg\" data-elementor-open-lightbox=\"yes\" data-elementor-lightbox-slideshow=\"067d2d4\" data-elementor-lightbox-title=\"311302224_6240149409333955_4086219235592582051_n\" data-e-action-hash=\"#elementor-action%3Aaction%3Dlightbox%26settings%3DeyJpZCI6MjcxLCJ1cmwiOiJodHRwczpcL1wvc2lvbnN6YXZhLmh1XC93cC1jb250ZW50XC91cGxvYWRzXC8yMDIzXC8wNFwvMzExMzAyMjI0XzYyNDAxNDk0MDkzMzM5NTVfNDA4NjIxOTIzNTU5MjU4MjA1MV9uLmpwZyIsInNsaWRlc2hvdyI6IjA2N2QyZDQifQ%3D%3D\">\n\t\t\t\t\t<div class=\"e-gallery-image elementor-gallery-item__image\" data-thumbnail=\"https:\/\/sionszava.hu\/wp-content\/uploads\/2023\/04\/311302224_6240149409333955_4086219235592582051_n-150x150.jpg\" data-width=\"150\" data-height=\"150\" aria-label=\"\" role=\"img\" ><\/div>\n\t\t\t\t\t\t\t\t\t\t\t<div class=\"elementor-gallery-item__overlay\"><\/div>\n\t\t\t\t\t\t\t\t\t\t\t\t\t\t<\/a>\n\t\t\t\t\t\t\t<a class=\"e-gallery-item elementor-gallery-item elementor-animated-content\" href=\"https:\/\/sionszava.hu\/wp-content\/uploads\/2023\/04\/311327654_6240149632667266_692684384451335783_n.jpg\" data-elementor-open-lightbox=\"yes\" data-elementor-lightbox-slideshow=\"067d2d4\" data-elementor-lightbox-title=\"311327654_6240149632667266_692684384451335783_n\" data-e-action-hash=\"#elementor-action%3Aaction%3Dlightbox%26settings%3DeyJpZCI6MjczLCJ1cmwiOiJodHRwczpcL1wvc2lvbnN6YXZhLmh1XC93cC1jb250ZW50XC91cGxvYWRzXC8yMDIzXC8wNFwvMzExMzI3NjU0XzYyNDAxNDk2MzI2NjcyNjZfNjkyNjg0Mzg0NDUxMzM1NzgzX24uanBnIiwic2xpZGVzaG93IjoiMDY3ZDJkNCJ9\">\n\t\t\t\t\t<div class=\"e-gallery-image elementor-gallery-item__image\" data-thumbnail=\"https:\/\/sionszava.hu\/wp-content\/uploads\/2023\/04\/311327654_6240149632667266_692684384451335783_n-150x150.jpg\" data-width=\"150\" data-height=\"150\" aria-label=\"\" role=\"img\" ><\/div>\n\t\t\t\t\t\t\t\t\t\t\t<div class=\"elementor-gallery-item__overlay\"><\/div>\n\t\t\t\t\t\t\t\t\t\t\t\t\t\t<\/a>\n\t\t\t\t\t\t\t<a class=\"e-gallery-item elementor-gallery-item elementor-animated-content\" href=\"https:\/\/sionszava.hu\/wp-content\/uploads\/2023\/04\/116168775_161008948898002_3275323080882801802_n.jpg\" data-elementor-open-lightbox=\"yes\" data-elementor-lightbox-slideshow=\"067d2d4\" data-elementor-lightbox-title=\"116168775_161008948898002_3275323080882801802_n\" data-e-action-hash=\"#elementor-action%3Aaction%3Dlightbox%26settings%3DeyJpZCI6MzM3LCJ1cmwiOiJodHRwczpcL1wvc2lvbnN6YXZhLmh1XC93cC1jb250ZW50XC91cGxvYWRzXC8yMDIzXC8wNFwvMTE2MTY4Nzc1XzE2MTAwODk0ODg5ODAwMl8zMjc1MzIzMDgwODgyODAxODAyX24uanBnIiwic2xpZGVzaG93IjoiMDY3ZDJkNCJ9\">\n\t\t\t\t\t<div class=\"e-gallery-image elementor-gallery-item__image\" data-thumbnail=\"https:\/\/sionszava.hu\/wp-content\/uploads\/2023\/04\/116168775_161008948898002_3275323080882801802_n-150x150.jpg\" data-width=\"150\" data-height=\"150\" aria-label=\"\" role=\"img\" ><\/div>\n\t\t\t\t\t\t\t\t\t\t\t<div class=\"elementor-gallery-item__overlay\"><\/div>\n\t\t\t\t\t\t\t\t\t\t\t\t\t\t<\/a>\n\t\t\t\t\t\t\t<a class=\"e-gallery-item elementor-gallery-item elementor-animated-content\" href=\"https:\/\/sionszava.hu\/wp-content\/uploads\/2023\/04\/116363233_161008182231412_9149396464008018530_n.jpg\" data-elementor-open-lightbox=\"yes\" data-elementor-lightbox-slideshow=\"067d2d4\" data-elementor-lightbox-title=\"116363233_161008182231412_9149396464008018530_n\" data-e-action-hash=\"#elementor-action%3Aaction%3Dlightbox%26settings%3DeyJpZCI6MzM4LCJ1cmwiOiJodHRwczpcL1wvc2lvbnN6YXZhLmh1XC93cC1jb250ZW50XC91cGxvYWRzXC8yMDIzXC8wNFwvMTE2MzYzMjMzXzE2MTAwODE4MjIzMTQxMl85MTQ5Mzk2NDY0MDA4MDE4NTMwX24uanBnIiwic2xpZGVzaG93IjoiMDY3ZDJkNCJ9\">\n\t\t\t\t\t<div class=\"e-gallery-image elementor-gallery-item__image\" data-thumbnail=\"https:\/\/sionszava.hu\/wp-content\/uploads\/2023\/04\/116363233_161008182231412_9149396464008018530_n-150x150.jpg\" data-width=\"150\" data-height=\"150\" aria-label=\"\" role=\"img\" ><\/div>\n\t\t\t\t\t\t\t\t\t\t\t<div class=\"elementor-gallery-item__overlay\"><\/div>\n\t\t\t\t\t\t\t\t\t\t\t\t\t\t<\/a>\n\t\t\t\t\t\t\t<a class=\"e-gallery-item elementor-gallery-item elementor-animated-content\" href=\"https:\/\/sionszava.hu\/wp-content\/uploads\/2023\/04\/311344372_6240149326000630_4972409437349374467_n.jpg\" data-elementor-open-lightbox=\"yes\" data-elementor-lightbox-slideshow=\"067d2d4\" data-elementor-lightbox-title=\"311344372_6240149326000630_4972409437349374467_n\" data-e-action-hash=\"#elementor-action%3Aaction%3Dlightbox%26settings%3DeyJpZCI6Mjc0LCJ1cmwiOiJodHRwczpcL1wvc2lvbnN6YXZhLmh1XC93cC1jb250ZW50XC91cGxvYWRzXC8yMDIzXC8wNFwvMzExMzQ0MzcyXzYyNDAxNDkzMjYwMDA2MzBfNDk3MjQwOTQzNzM0OTM3NDQ2N19uLmpwZyIsInNsaWRlc2hvdyI6IjA2N2QyZDQifQ%3D%3D\">\n\t\t\t\t\t<div class=\"e-gallery-image elementor-gallery-item__image\" data-thumbnail=\"https:\/\/sionszava.hu\/wp-content\/uploads\/2023\/04\/311344372_6240149326000630_4972409437349374467_n-150x150.jpg\" data-width=\"150\" data-height=\"150\" aria-label=\"\" role=\"img\" ><\/div>\n\t\t\t\t\t\t\t\t\t\t\t<div class=\"elementor-gallery-item__overlay\"><\/div>\n\t\t\t\t\t\t\t\t\t\t\t\t\t\t<\/a>\n\t\t\t\t\t<\/div>\n\t\t\t\t\t<\/div>\n\t\t\t\t<\/div>\n\t\t\t\t\t<\/div>\n\t\t\t\t<\/div>\n\t\t\t\t\t<\/div>\n\t\t\t\t<\/div>\n\t\t\t\t<\/div>\n\t\t","protected":false},"excerpt":{"rendered":"<p>SION SZAVA KREAT\u00cdV GYEREKMISSZI\u00d3 Ez a Szendr\u0151i Gy\u00fclekezet\u00fcnk kezdem\u00e9nyez\u00e9ben indult \u00fatnak. Az \u00e9lettelt folyamattartalmazza a gyermekek \u00e9let\u00e9nek felemel\u00e9s\u00e9t \u00e9s a kereszt\u00e9ny hit megismertet\u00e9s\u00e9t.Szendr\u0151ben, \u00e9vek \u00f3ta szervez\u00fcnk gyereknapokat \u00e9s csal\u00e1dinapokat, ahol a gyermekekk\u00f6z\u00f6ss\u00e9ge ker\u00fcl k\u00f6z\u00e9ppontba.\u00a0A k\u00f6z\u00f6ss\u00e9gi \u00e9lm\u00e9nyen t\u00fal, f\u0151 c\u00e9l, J\u00e9zus Krisztus \u00e9s a kereszt\u00e9ny \u00e9rt\u00e9kek megismer\u00e9se,valamint az \u00e9let megv\u00e1ltoz\u00e1sa a gyermekkorban. A gyakorlat mutatja, hogy [&hellip;]<\/p>\n","protected":false},"author":1,"featured_media":0,"parent":0,"menu_order":0,"comment_status":"closed","ping_status":"closed","template":"","meta":{"footnotes":""},"class_list":["post-42","page","type-page","status-publish","hentry"],"_links":{"self":[{"href":"https:\/\/sionszava.hu\/index.php?rest_route=\/wp\/v2\/pages\/42","targetHints":{"allow":["GET"]}}],"collection":[{"href":"https:\/\/sionszava.hu\/index.php?rest_route=\/wp\/v2\/pages"}],"about":[{"href":"https:\/\/sionszava.hu\/index.php?rest_route=\/wp\/v2\/types\/page"}],"author":[{"embeddable":true,"href":"https:\/\/sionszava.hu\/index.php?rest_route=\/wp\/v2\/users\/1"}],"replies":[{"embeddable":true,"href":"https:\/\/sionszava.hu\/index.php?rest_route=%2Fwp%2Fv2%2Fcomments&post=42"}],"version-history":[{"count":5,"href":"https:\/\/sionszava.hu\/index.php?rest_route=\/wp\/v2\/pages\/42\/revisions"}],"predecessor-version":[{"id":342,"href":"https:\/\/sionszava.hu\/index.php?rest_route=\/wp\/v2\/pages\/42\/revisions\/342"}],"wp:attachment":[{"href":"https:\/\/sionszava.hu\/index.php?rest_route=%2Fwp%2Fv2%2Fmedia&parent=42"}],"curies":[{"name":"wp","href":"https:\/\/api.w.org\/{rel}","templated":true}]}}