{"id":76,"date":"2023-04-03T15:41:33","date_gmt":"2023-04-03T14:41:33","guid":{"rendered":"https:\/\/sionszava.hu\/?page_id=76"},"modified":"2023-04-04T18:56:59","modified_gmt":"2023-04-04T16:56:59","slug":"kuldetes","status":"publish","type":"page","link":"https:\/\/sionszava.hu\/?page_id=76","title":{"rendered":"K\u00fcldet\u00e9s"},"content":{"rendered":"\t\t<div data-elementor-type=\"wp-page\" data-elementor-id=\"76\" class=\"elementor elementor-76\" data-elementor-post-type=\"page\">\n\t\t\t\t<div class=\"elementor-element elementor-element-f4b85aa e-flex e-con-boxed e-con e-parent\" data-id=\"f4b85aa\" data-element_type=\"container\" data-e-type=\"container\">\n\t\t\t\t\t<div class=\"e-con-inner\">\n\t\t\t\t<div class=\"elementor-element elementor-element-9d9be2a elementor-widget elementor-widget-heading\" data-id=\"9d9be2a\" data-element_type=\"widget\" data-e-type=\"widget\" data-widget_type=\"heading.default\">\n\t\t\t\t<div class=\"elementor-widget-container\">\n\t\t\t\t\t<h2 class=\"elementor-heading-title elementor-size-default\">K\u00fcldet\u00e9snyilatkozat<\/h2>\t\t\t\t<\/div>\n\t\t\t\t<\/div>\n\t\t\t\t<div class=\"elementor-element elementor-element-c9541e0 elementor-widget elementor-widget-heading\" data-id=\"c9541e0\" data-element_type=\"widget\" data-e-type=\"widget\" data-widget_type=\"heading.default\">\n\t\t\t\t<div class=\"elementor-widget-container\">\n\t\t\t\t\t<h6 class=\"elementor-heading-title elementor-size-default\">\u201eMagas hegyre menj fel \u00f6r\u00f6mmond\u00f3 Sion!\u201d [\u00c9zsai\u00e1s 40,9]<\/h6>\t\t\t\t<\/div>\n\t\t\t\t<\/div>\n\t\t\t\t<div class=\"elementor-element elementor-element-870ccb3 elementor-widget elementor-widget-text-editor\" data-id=\"870ccb3\" data-element_type=\"widget\" data-e-type=\"widget\" data-widget_type=\"text-editor.default\">\n\t\t\t\t<div class=\"elementor-widget-container\">\n\t\t\t\t\t\t\t\t\t<p>Misszi\u00f3s gy\u00fclekezeth\u00e1l\u00f3zatk\u00e9nt, hit\u00fcnk alapj\u00e1n a k\u00f6vetkez\u0151ket nyilatkozzuk:<\/p><p>Alapvet\u0151 k\u00fcldet\u00e9s\u00fcnknek tekintj\u00fck, Isten n\u00f6vekv\u0151 Kir\u00e1lys\u00e1g\u00e1nak hat\u00e9kony \u00e9p\u00edt\u00e9s\u00e9t. Krisztus \u00e1ltal, mint Isten n\u00e9pe a Sion, kihirdetj\u00fck a Kir\u00e1lys\u00e1g szeretet\u00e9t \u00e9s teljes \u00f6r\u00f6m\u00e9t Magyarorsz\u00e1gon, hat\u00e1rainkon t\u00fal a K\u00e1rp\u00e1t-Medenc\u00e9ben \u00e9s tov\u00e1bb.<\/p><p>Fontos c\u00e9lunk az evang\u00e9liumi misszi\u00f3 n\u00f6veked\u00e9se. Ezen bel\u00fcl, feladatunk az emberek Krisztushoz seg\u00edt\u00e9se, \u00faj gy\u00fclekezetek pl\u00e1nt\u00e1l\u00e1sa, csatlakoz\u00f3 csoportok \u00e9s gy\u00fclekezetek befogad\u00e1sa. A pl\u00e1nt\u00e1lt gy\u00fclekezeteink \u201eszellemi otthon\u201d-ok, amelyek ide\u00e1lis szeretetk\u00f6rnyezetet ny\u00fajtanak a megt\u00e9rtek sz\u00e1m\u00e1ra. Hit\u00fcnk\u00f6n kereszt\u00fcl igyeksz\u00fcnk a kereszt\u00e9nyi \u00e9rt\u00e9keket hitelesen \u00e9s hat\u00e9konyan bemutatni sz\u00f3ban \u00e9s cselekedetben.<\/p><p>K\u00fcldet\u00e9s\u00fcnknek tekintj\u00fck az aj\u00e1nd\u00e9kalap\u00fa szolg\u00e1latokra val\u00f3 felk\u00e9sz\u00edt\u00e9st, a Bibliai \u00e9letvezet\u00e9s kialak\u00edt\u00e1s\u00e1t az egy\u00e9ni \u00e9s k\u00f6z\u00f6ss\u00e9gi \u00e9letben. Emellett t\u00e1mogatjuk a polg\u00e1ri t\u00f6rv\u00e9nyk\u00f6vet\u0151 tisztes \u00e9letm\u00f3dot.<\/p><p>K\u00fcldet\u00e9s\u00fcnknek tekintj\u00fck a kapcsolatok \u00e9p\u00edt\u00e9s\u00e9t. A k\u00f6lcs\u00f6n\u00f6s \u00e9p\u00edt\u00e9s elv\u00e9n igyeksz\u00fcnk a kereszt\u00e9ny k\u00f6z\u00f6ss\u00e9gekkel val\u00f3 eg\u00e9szs\u00e9ges kapcsolatok \u00e1pol\u00e1s\u00e1ra.<\/p><p>Fontosnak l\u00e1tjuk a m\u00e1s hitben \u00e9l\u0151k \u00e9s a kereszt\u00e9ny hit n\u00e9lk\u00fcliek emberi jogainak tiszteletben tart\u00e1s\u00e1t. Ezzel egy\u00fctt igyeksz\u00fcnk gyakorolni az ellen\u00fcnk v\u00e9tkez\u0151kkel szembeni megbocs\u00e1t\u00e1st \u00e9s az \u00e9rt\u00fck val\u00f3 im\u00e1ds\u00e1got.<\/p><p><br \/>Sion Szava &#8211; Teljes Evang\u00e9liumi Gy\u00fclekezet\u00a0<br \/><span style=\"color: var( --e-global-color-text ); font-family: var( --e-global-typography-text-font-family ), Sans-serif; font-weight: var( --e-global-typography-text-font-weight ); text-align: var(--text-align); font-size: 1rem;\">Miskolc 2018.<\/span><\/p>\t\t\t\t\t\t\t\t<\/div>\n\t\t\t\t<\/div>\n\t\t\t\t\t<\/div>\n\t\t\t\t<\/div>\n\t\t\t\t<\/div>\n\t\t","protected":false},"excerpt":{"rendered":"<p>K\u00fcldet\u00e9snyilatkozat \u201eMagas hegyre menj fel \u00f6r\u00f6mmond\u00f3 Sion!\u201d [\u00c9zsai\u00e1s 40,9] Misszi\u00f3s gy\u00fclekezeth\u00e1l\u00f3zatk\u00e9nt, hit\u00fcnk alapj\u00e1n a k\u00f6vetkez\u0151ket nyilatkozzuk: Alapvet\u0151 k\u00fcldet\u00e9s\u00fcnknek tekintj\u00fck, Isten n\u00f6vekv\u0151 Kir\u00e1lys\u00e1g\u00e1nak hat\u00e9kony \u00e9p\u00edt\u00e9s\u00e9t. Krisztus \u00e1ltal, mint Isten n\u00e9pe a Sion, kihirdetj\u00fck a Kir\u00e1lys\u00e1g szeretet\u00e9t \u00e9s teljes \u00f6r\u00f6m\u00e9t Magyarorsz\u00e1gon, hat\u00e1rainkon t\u00fal a K\u00e1rp\u00e1t-Medenc\u00e9ben \u00e9s tov\u00e1bb. Fontos c\u00e9lunk az evang\u00e9liumi misszi\u00f3 n\u00f6veked\u00e9se. Ezen bel\u00fcl, feladatunk az [&hellip;]<\/p>\n","protected":false},"author":1,"featured_media":0,"parent":0,"menu_order":0,"comment_status":"closed","ping_status":"closed","template":"","meta":{"footnotes":""},"class_list":["post-76","page","type-page","status-publish","hentry"],"_links":{"self":[{"href":"https:\/\/sionszava.hu\/index.php?rest_route=\/wp\/v2\/pages\/76","targetHints":{"allow":["GET"]}}],"collection":[{"href":"https:\/\/sionszava.hu\/index.php?rest_route=\/wp\/v2\/pages"}],"about":[{"href":"https:\/\/sionszava.hu\/index.php?rest_route=\/wp\/v2\/types\/page"}],"author":[{"embeddable":true,"href":"https:\/\/sionszava.hu\/index.php?rest_route=\/wp\/v2\/users\/1"}],"replies":[{"embeddable":true,"href":"https:\/\/sionszava.hu\/index.php?rest_route=%2Fwp%2Fv2%2Fcomments&post=76"}],"version-history":[{"count":5,"href":"https:\/\/sionszava.hu\/index.php?rest_route=\/wp\/v2\/pages\/76\/revisions"}],"predecessor-version":[{"id":297,"href":"https:\/\/sionszava.hu\/index.php?rest_route=\/wp\/v2\/pages\/76\/revisions\/297"}],"wp:attachment":[{"href":"https:\/\/sionszava.hu\/index.php?rest_route=%2Fwp%2Fv2%2Fmedia&parent=76"}],"curies":[{"name":"wp","href":"https:\/\/api.w.org\/{rel}","templated":true}]}}